late the greatest common divisor of 3171 and 76557.
453
What is the greatest common factor of 1568 and 4753?
49
What is the greatest common divisor of 325 and 6058?
13
Calculate the greatest common factor of 214958 and 874.
46
What is the greatest common divisor of 256248 and 144?
72
Calculate the highest common divisor of 175 and 57850.
25
What is the highest common divisor of 196 and 183743?
7
Calculate the greatest common divisor of 332 and 20916.
332
Calculate the highest common divisor of 3023600 and 1600.
400
What is the highest common factor of 5044 and 189344?
388
Calculate the highest common divisor of 40964 and 3920.
196
What is the greatest common factor of 1999998 and 1134?
378
What is the greatest common factor of 15828 and 9?
3
What is the highest common divisor of 12555 and 57660?
465
What is the highest common factor of 198 and 5850?
18
What is the greatest common factor of 20505 and 345?
15
Calculate the highest common factor of 37260 and 6300.
180
Calculate the highest common factor of 16 and 2256144.
16
Calculate the greatest common factor of 66 and 2112594.
66
What is the highest common divisor of 815 and 46129?
163
Calculate the greatest common divisor of 160 and 23920.
80
What is the highest common factor of 185640 and 1224?
408
What is the greatest common divisor of 11349 and 78?
39
What is the highest common factor of 416 and 7241?
13
Calculate the greatest common divisor of 1234 and 82.
2
What is the greatest common divisor of 2687223 and 231?
231
What is the highest common factor of 272 and 81124?
68
Calculate the highest common divisor of 9765 and 432171.
279
Calculate the greatest common divisor of 4488 and 4444.
44
Calculate the highest common divisor of 12806 and 646.
38
What is the highest common divisor of 1377 and 29784?
51
Calculate the highest common divisor of 52539 and 844.
211
What is the highest common factor of 868 and 74592?
28
What is the greatest common factor of 82 and 22?
2
Calculate the greatest common divisor of 426090 and 1260.
210
Calculate the greatest common divisor of 357152 and 32.
32
Calculate the highest common divisor of 405 and 249.
3
Calculate the greatest common factor of 3990 and 4902.
114
What is the highest common divisor of 420 and 8215?
5
Calculate the greatest common divisor of 2528268 and 295.
59
Calculate the greatest common divisor of 1682035 and 1340.
335
What is the highest common factor of 297 and 6373125?
99
What is the greatest common divisor of 45209 and 159?
53
What is the highest common factor of 27 and 599?
1
What is the greatest common divisor of 810 and 8886?
6
What is the greatest common divisor of 141 and 5969?
47
What is the greatest common divisor of 47372 and 104?
52
Calculate the highest common factor of 40553 and 2033.
107
What is the highest common divisor of 19761 and 1113?
21
What is the highest common factor of 498 and 4598034?
498
Calculate the greatest common divisor of 619509 and 66.
33
Calculate the greatest common divisor of 24 and 10242852.
12
What is the greatest common divisor of 15781 and 1101?
367
Calculate the greatest common divisor of 1080 and 2566620.
540
What is the highest common factor of 153 and 482511?
51
What is the highest common factor of 575155 and 70?
35
Calculate the greatest common factor of 438944 and 58.
58
What is the greatest common divisor of 23501 and 426?
71
Calculate the highest common factor of 33 and 14333.
11
Calculate the greatest common divisor of 76 and 90516.
76
What is the greatest common divisor of 16 and 683368?
8
Calculate the greatest common divisor of 160 and 1173140.
20
Calculate the highest common factor of 32 and 6680.
8
What is the highest common factor of 9786 and 4298?
14
Calculate the greatest common factor of 18336 and 288.
96
What is the greatest common divisor of 4446392 and 62?
62
What is the greatest common factor of 4926 and 291?
3
Calculate the highest common divisor of 376651 and 1765.
353
What is the highest common factor of 31960 and 1000?
40
What is the greatest common divisor of 26587 and 33?
11
What is the highest common divisor of 4 and 123034?
2
Calculate the greatest common factor of 256 and 152.
8
Calculate the highest common factor of 4788119 and 7.
7
Calculate the greatest common divisor of 15924 and 132.
12
Calculate the highest common divisor of 74 and 309320.
74
Calculate the highest common divisor of 403896 and 12.
12
What is the greatest common divisor of 46 and 302?
2
What is the greatest common divisor of 448 and 13853?
7
Calculate the greatest common divisor of 28 and 30289.
7
Calculate the greatest common factor of 84 and 29442.
42
What is the highest common divisor of 42 and 99120?
42
What is the greatest common factor of 1973496 and 6910?
1382
What is the highest common factor of 105 and 11410?
35
What is the highest common factor of 205548 and 168?
84
Calculate the highest common divisor of 84508 and 814.
74
What is the greatest common factor of 24 and 3076236?
12
What is the highest common factor of 364 and 216272?
28
What is the greatest common divisor of 27880 and 8840?
680
What is the highest common factor of 598 and 9230?
26
What is the highest common factor of 1818171 and 21789?
2421
What is the highest common divisor of 3916 and 572?
44
What is the highest common factor of 5491 and 7803?
289
What is the highest common divisor of 16092 and 63?
9
Calculate the greatest common divisor of 37179 and 1530.
153
Calculate the highest common factor of 101156 and 176.
44
What is the highest common divisor of 4080 and 2880?
240
Calculate the highest common divisor of 378 and 26110.
14
What is the highest common factor of 3109692 and 228?
228
What is the highest common factor of 39690 and 486?
162
Calculate the highest common factor of 639432 and 14552.
856
Calculate the greatest common divisor of 4 and 84229.
1
Calculate the highest common divisor of 1610 and 124.
2
Calculate the highest common factor of 1328 and 2312.
8
What is the highest common divisor of 10800 and 1824?
48
What is the highest common factor of 602 and 14293286?
602
Calculate the greatest common divisor of 2576 and 17710.
322
Calculate the greatest common factor of 896 and 10976.
224
Calculate the greatest common factor of 2245 and 123924.
449
What is the highest common divisor of 42 and 6380962?
14
Calculate the highest common factor of 1960 and 181496.
392
Calculate the highest common factor of 701572 and 16.
4
Calculate the highest common divisor of 4794 and 306.
102
Calculate the greatest common factor of 264 and 59499.
33
What is the greatest common factor of 1660 and 1060?
20
Calculate the greatest common factor of 1385 and 505.
5
Calculate the highest common divisor of 39401 and 13653.
41
What is the highest common factor of 86 and 632057?
43
What is the highest common divisor of 288 and 7002?
18
What is the highest common divisor of 2597 and 1325?
53
Calculate the greatest common divisor of 1827 and 15309.
63
Calculate the highest common factor of 5016 and 11352.
264
Calculate the greatest common divisor of 211578 and 5728.
358
Calculate the greatest common divisor of 137 and 855154.
137
Calculate the highest common factor of 1344 and 25816.
56
What is the greatest common divisor of 10062 and 473?
43
Calculate the highest common factor of 67362 and 17658.
654
What is the greatest common factor of 15621 and 254?
127
Calculate the highest common factor of 332 and 3818.
166
Calculate the highest common divisor of 61894 and 70.
14
What is the highest common factor of 15104 and 47908?
236
Calculate the highest common factor of 9 and 332973.
9
What is the greatest common factor of 433899 and 8658?
333
What is the greatest common factor of 39672 and 114?
114
What is the greatest common factor of 7345 and 3277?
113
What is the highest common divisor of 666 and 80142?
222
Calculate the highest common divisor of 91 and 1331148.
91
Calculate the highest common factor of 34086 and 15504.
114
What is the greatest common factor of 77 and 4290?
11
Calculate the highest common factor of 153 and 323.
17
What is the greatest common factor of 1023885 and 1281?
183
Calculate the highest common divisor of 22648 and 152.
152
What is the greatest common factor of 65960 and 22504?
776
What is the greatest common facto